77 + 92. Let r = -163 + f. Calculate z(r).
-6
Let i(p) = p. Let d(z) = 4*z - 1. Let c(h) = h**3 + 6*h**2 + 4*h - 4. Let j be c(-5). Let q(r) = j*d(r) - 3*i(r). Determine q(0).
-1
Let r(y) = 2*y + 1. Let x be r(0). Let i(n) = 16*n**2 - 2*n - 7. Let p(d) = d**2 - 1. Let m(s) = x*i(s) - 6*p(s). Let f be (-2)/6 + 2/(-3). Calculate m(f).
11
Let w = 4 - 3. Let n = -3 + w. Let k(h) = -6*h**2 + 7*h - 1. Let d(r) = 2*r**2 - 2*r. Let u(o) = 7*d(o) + 2*k(o). Give u(n).
6
Let v(k) be the first derivative of 1/2*k**2 - 8*k + 12. Give v(5).
-3
Let g = 4 - 3. Let f be 5/10*(1 + g). Let m(z) be the first derivative of -2*z**2 - z - 55. Calculate m(f).
-5
Let a(y) = -y**2 - y - 5. Let i(b) = -b**3 - 6*b**2 + 6*b - 3. Let o be i(-7). Suppose o*z + 0*z = 8. Let m be 1/z*(-2 - -2). Determine a(m).
-5
Suppose -35 = -5*b - 5*o, -o - 3 = -b + 2. Let g be (0/(-2) - (-4 + 3)) + b. Let i(q) = q**2 - 7*q - 3. Determine i(g).
-3
Suppose -19 = -6*h + 95. Let m(i) = -19*i + 2*i**2 + i**2 + h*i. What is m(1)?
3
Let a(u) be the second derivative of -u**6/720 - u**5/24 + 3*u**4 + u + 6. Let d(r) be the third derivative of a(r). Suppose 0 = 5*m + 4 + 11. Determine d(m).
-2
Let q be 32/20*(-190)/(-4). Let a(p) = 78*p + q*p - 156*p - 1. Suppose -27 = 4*b - 3. What is a(b)?
11
Let q(k) be the first derivative of k**2 - k - 54. Suppose -5*g - 4 = 1. Determine q(g).
-3
Let a(p) be the third derivative of p - 1/6*p**3 + 5/24*p**4 + 1/120*p**6 + 1/12*p**5 + 0 - 19*p**2. Calculate a(-4).
-5
Suppose -6*x + 4*x + 6 = -k, -10 = k + 2*x. Let a be (-2*1)/(6/9). Let o be a + (-2)/k*0. Let p(d) = -d**3 - 2*d**2 - 2. Determine p(o).
7
Let l = -144 - -144. Let f(v) = -v**3 + v**2 + v - 6. What is f(l)?
-6
Let i = 131 + -117. Let g be (-18)/i + 3 + 114/(-42). Let r(m) = 13*m**3 - 2*m**2 + 1. What is r(g)?
-14
Suppose -3*d + 35 = 5*p, 2*p + 3*d - 8 - 15 = 0. Let a(l) = -2*l**2 + 8*l + 1. Let y(h) = -h**2 + 4*h. Let q(z) = 4*a(z) - 9*y(z). Calculate q(p).
4
Suppose -3 + 15 = -4*u. Let q(l) = l + 14832 - 14832. Calculate q(u).
-3
Let s(v) be the first derivative of -v**4 + 8*v**3/3 + 5*v**2 - v - 7. Let u(d) = d**3 - d**2 - d - 1. Let i(p) = -s(p) - 3*u(p). Calculate i(6).
-2
Let d(x) = -8*x + 2. Suppose -5*v + g = -13, v = -v + 4*g + 16. Give d(v).
-14
Let l(w) = -w**2 - 9*w - 7. Let i be l(-8). Let g(d) = -d**2 - 8*d - 1. Let j be g(-7). Let p(u) = -j - 3*u + 3 + 3 + 1. Determine p(i).
-2
Let w(t) = -t**2 - 2*t - 3. Let b = -125 + 123. Calculate w(b).
-3
Let w = 264 - 276. Let r(j) = j**3 + 13*j**2 + 12*j + 17. Calculate r(w).
17
Let n(r) = r**2 + 7*r - 1. Let u = 0 - 7. Let j(a) = 3*a**2 + 23*a - 4. Let o(m) = u*n(m) + 2*j(m). Calculate o(-6).
-19
Let b(m) = 3*m - 6. Let r(c) = 3*c - 5. Let t(s) = -3*b(s) + 4*r(s). Suppose 3*a + 3*w = w + 24, 5 = 2*a + 5*w. Let i be (-18)/(-4) + (-15)/a. Calculate t(i).
7
Let a = -184 - -118. Let u = a - -62. Let d(c) = -c**2 - 9*c - 6. Calculate d(u).
14
Let a(v) be the first derivative of -v**2 + 12*v - 68. Give a(8).
-4
Let u(k) be the first derivative of -1/2*k**2 + 14*k - 28. Determine u(12).
2
Suppose 5*g + 6 = 1. Let a(v) = -v - 1. Let f(m) = 5*m - 1. Let y(d) = g*f(d) - 4*a(d). Give y(5).
0
Let d(y) = 3*y - 4. Let h(g) = -1. Suppose 14*a = 24 + 46. Let x(s) = a*h(s) - d(s). Calculate x(-2).
5
Let q = 409 + -409. Let y = 10 + -7. Let f(v) = -9 + y*v**2 + 0 - 2*v**2. Give f(q).
-9
Let r = -8 - -7. Let u(v) = v**2 + 2*v. Let z(x) = 2*x**2 + 3*x. Let q(w) = 3*u(w) - 2*z(w). Let t(c) = -6*c**2 - 1. Let a(d) = 4*q(d) - t(d). Calculate a(r).
3
Suppose -536*y + 16 = -540*y. Let u(t) = -t**2 - 2*t + 7. Determine u(y).
-1
Let h(f) be the third derivative of 0 + 11*f**2 + 0*f - 1/60*f**5 - 7/6*f**3 - 1/24*f**4. Let g(s) = s**3 + 7*s**2 - 7*s + 8. Let d be g(-8). What is h(d)?
-7
Suppose -6*x = -2*x + 16. Let r be (-2 + 2)/(x/2). Let y(h) be the third derivative of -h**4/24 - 3*h**3/2 - h**2. Calculate y(r).
-9
Let q(y) be the third derivative of y**4/8 - 5*y**3/3 + 163*y**2. What is q(7)?
11
Let z(p) = -p**2 - p - 19. Suppose -5*b = -3*g + 4*g - 23, -2*b + 2 = -2*g. Suppose -4*w + 7*w - 12 = 2*d, -20 = b*d - 5*w. What is z(d)?
-19
Let z(a) = -7*a**2 - a**3 - 7 + 281*a + 12*a**2 - 265*a. Determine z(7).
7
Let z(l) be the first derivative of 5*l**3/3 + l**2 + 17*l + 12. Let w(f) = 3*f**2 + f + 11. Let k(a) = 8*w(a) - 5*z(a). Determine k(-4).
-5
Let g(u) = -8*u + 1. Let z(j) = 8*j - 13. Let t be z(-5). Let h = 51 + t. What is g(h)?
17
Let w(z) = -5*z**2 - 2*z + 5. Let a(r) = -4*r**2 - 2*r + 4. Let u(f) = 4*a(f) - 3*w(f). Give u(-4).
-7
Suppose 2*h = 3*h. Let g(p) be the second derivative of 9 + 1/12*p**4 - 1/6*p**3 + 5*p**2 - 3*p. Calculate g(h).
10
Let q(b) = -2*b. Let p(d) = -13*d - 2. Let x(r) = -p(r) + 6*q(r). Let s(z) = -4*z + 6. Let k be s(2). What is x(k)?
0
Let a(o) = 3*o**2 - 6*o + 4. Let t(v) = 8*v**2 - 17*v + 11. Suppose -p - 4*p - 15 = 0. Let w be (-2)/6*-11*p. Let z(g) = w*a(g) + 4*t(g). Give z(-3).
-3
Let l(d) = 2*d**2 + 3*d + 4. Let n(x) = -x**3 - 4*x**2 - 4*x + 6. Let o be n(-5). Let g = o + -54. Calculate l(g).
13
Let h(n) = 5*n**3 + 3*n**2 - 1 - 4*n**3 - n - 3*n**3. Let t be (-168)/(-1260) - (-56)/30. Calculate h(t).
-7
Suppose -l + 1 = 5*a, -4*a + l - 8 = 4*l. Let k(c) = -4*c + 4*c + a + 5*c - 4*c. Give k(3).
4
Let y = -199 + 202. Let c(a) be the first derivative of 1/4*a**4 - a**y + 3 + 4*a - a**2. What is c(3)?
-2
Let m(a) = 13*a + 5. Let j(h) = -11*h - 6. Let l(u) = 6*j(u) + 5*m(u). Give l(-14).
3
Let j(y) = -431*y + 213*y + 217*y + 18. What is j(9)?
9
Let b(q) be the third derivative of q**6/24 + q**5/10 + q**4/6 + 5*q**3/6 + 28*q**2. Let t(p) = -p**2 - p - 1. Let d(k) = b(k) + 5*t(k). Determine d(1).
5
Let y(q) = q**2 + 1. Let z(f) = -9*f**2 - 3. Let j be z(-3). Let s be j/36 - 1/(-3). Determine y(s).
5
Let v = -5 - -7. Suppose 6 = -h + 2*t - 4*t, 0 = -5*h - 5*t - 10. Let q(i) = -2*i - h*i + i + i. Determine q(v).
-4
Let s(p) be the second derivative of -3*p**3/2 - 3*p**2/2 - 4*p. Let o be s(2). Let u = o + 25. Let y(b) = b**3 - 5*b**2 + 3*b - 3. Calculate y(u).
-7
Let g be 5 + (1 - 2) + 4. Suppose 0 = -j + 5*s + 20, 12 = -2*j - 2*s - g. Let c(a) = -a**2 - 5*a + 1. Give c(j).
1
Let i(f) = -4*f + f - 2*f. Let g be -3*(9 - (-8 - (-16)/1)). Determine i(g).
15
Let n(g) = g + 3. Let b be (-3)/5*(-38 - (-9)/3). Suppose -2*t - b + 9 = 0. Give n(t).
-3
Let l(i) = -4887 - 6*i**2 - i**3 - 4*i + i**2 + 4868. Calculate l(-5).
1
Let z(g) be the third derivative of 1/15*g**5 + 1/120*g**6 - 1/6*g**4 - 3*g**2 + 0*g + 0 - 7/6*g**3. Determine z(-5).
-12
Let l be 11/(-330)*-18 - (-13)/(-5). Let f(r) = r**2 + 3*r + 5. Calculate f(l).
3
Let i be 1/3 - (-26)/3. Let l(a) be the first derivative of a**2/2 - 9*a - 1620. Calculate l(i).
0
Let r(l) be the second derivative of l**5/20 + l**4 + 5*l**2/2 - 10*l. Let w(t) = -t**3 - 13*t**2 - 5. Let u(f) = 5*r(f) + 4*w(f). Determine u(-8).
5
Let q(x) = -2 - 2*x**2 - 7*x + 1 - 3*x**2 - 2 + 6*x**2. Give q(5).
-13
Let r(l) = 67*l - 20*l - 30*l - 4 - 20*l. Calculate r(6).
-22
Let n be (-2 - 142/(-20)) + 191/(-1910). Let r(h) = -3*h + 10. Determine r(n).
-5
Let m(n) = -n - 11. Let u be 36/(-90)*(2 - (-3 - 0)). Let b be u - (-6)/(-3 - (-2)/2). Calculate m(b).
-6
Let c(m) = m + 25. Let s be c(-9). Suppose 14*u - s*u + 20 = 0. Let p(k) = -u*k**2 + 9*k**2 - k - 8*k - 12. Determine p(-8).
-4
Let j(p) be the first derivative of -p**2 - 4*p + 54. Determine j(-3).
2
Let x = -18 - -25. Let p(y) = 2*y + 3*y - 6*y - 1. What is p(x)?
-8
Let s(x) = -x**2 - 8*x - 16. Suppose 2*d + 4*w + 26 = 0, 2*w = -4*d + 7*d + 15. Give s(d).
-9
Let x(w) be the first derivative of -w**4/4 - 2*w**3 - 3*w**2 + 2*w + 2. Let a(d) = d - 5. Let m be a(3). Let y(r) = 2*r - 1. Let v be y(m). Determine x(v).
7
Let w(n) = -n - 1. Let f be w(-6). Suppose -2*u = f*o - 23, -5*o + 4*o + 1 = 4*u. Let s(b) = -6*b - o + 6 - 3. Determine s(2).
-14
Let a = 98 - 74. Suppose -5 = i - 0*i + 3*b, -3*i + a = -4*b. Let u(v) = v**3 - 4*v**2 - 4*v + 4. Calculate u(i).
-12
Let j(g) be the third derivative of -g**5/60 - g**4/8 + 2*g**3 + 15*g**2. Let b be j(3). Let v(x) = -2*x - 4. Calculate v(b).
8
Let c(p) be the second derivative of 5/2*p**2 + 0 - 4*p + 1/6*p**3. Calculate c(-6).
-1
Let w be -5*2 - (2 - 3) - -3. Let x(g) = 2*g - 2. What is x(w)?
-14
Let j(b) = -13*b - 267. Let l